{"id":66,"date":"2025-05-08T07:30:16","date_gmt":"2025-05-08T07:30:16","guid":{"rendered":"https:\/\/www.atakito.com\/index.php\/producto\/los-rosales-patatas-fritas-caja-15-bolsas-patatas-fritas-snacks-y-aperitivos-patatas-fritas-sin-gluten-sin-lactosa-snacks\/"},"modified":"2026-03-23T08:59:15","modified_gmt":"2026-03-23T08:59:15","slug":"los-rosales-patatas-fritas-caja-15-bolsas-patatas-fritas-snacks-y-aperitivos-patatas-fritas-sin-gluten-sin-lactosa-snacks","status":"publish","type":"product","link":"https:\/\/www.atakito.com\/index.php\/producto\/los-rosales-patatas-fritas-caja-15-bolsas-patatas-fritas-snacks-y-aperitivos-patatas-fritas-sin-gluten-sin-lactosa-snacks\/","title":{"rendered":"LOS ROSALES Patatas Fritas Caja 15 Bolsas, patatas fritas, snacks y aperitivos, patatas fritas sin gluten sin lactosa, snacks\u2026"},"content":{"rendered":"<p class=\"\" data-start=\"18\" data-end=\"143\">\ud83e\udd54 <strong data-start=\"21\" data-end=\"51\">LOS ROSALES Patatas Fritas<\/strong> \u2013 Caja de <strong data-start=\"62\" data-end=\"82\">15 Bolsas de 70g<\/strong> | <strong data-start=\"85\" data-end=\"99\">Sin Gluten<\/strong> | <strong data-start=\"102\" data-end=\"117\">Sin Lactosa<\/strong> | <strong data-start=\"120\" data-end=\"143\">Snacks y Aperitivos<\/strong><\/p>\n<p class=\"\" style=\"text-align: left;\" data-start=\"145\" data-end=\"482\">Las <strong data-start=\"149\" data-end=\"179\">Patatas Fritas Los Rosales<\/strong> son el aperitivo perfecto para cualquier momento del d\u00eda. Elaboradas con ingredientes de alta calidad, estas patatas crujientes se caracterizan por su sabor aut\u00e9ntico y su textura irresistible. Adem\u00e1s, est\u00e1n <strong data-start=\"388\" data-end=\"402\">sin gluten<\/strong> y <strong data-start=\"405\" data-end=\"420\">sin lactosa<\/strong>, siendo ideales para personas con intolerancias alimentarias.<\/p>\n<p class=\"\" style=\"text-align: left;\" data-start=\"484\" data-end=\"864\">\u2705 <strong data-start=\"486\" data-end=\"511\">Sin Gluten ni Lactosa<\/strong> \u2013 Apto para personas con intolerancia al gluten y a la lactosa<br data-start=\"574\" data-end=\"577\" \/>\u2705 <strong data-start=\"579\" data-end=\"607\">Patatas Fritas Naturales<\/strong> \u2013 Sin conservantes, solo el sabor genuino de la patata<br data-start=\"662\" data-end=\"665\" \/>\u2705 <strong data-start=\"667\" data-end=\"694\">Formato Pr\u00e1ctico de 70g<\/strong> \u2013 Caja con 15 bolsas individuales, perfectas para llevar o compartir<br data-start=\"763\" data-end=\"766\" \/>\u2705 <strong data-start=\"768\" data-end=\"799\">Snacks Perfectos para Todos<\/strong> \u2013 Disfr\u00fatalas como tentempi\u00e9 o como acompa\u00f1amiento de tus platos<\/p>\n<p class=\"\" style=\"text-align: left;\" data-start=\"866\" data-end=\"1021\">Perfectas para disfrutar en casa, en tu <strong data-start=\"906\" data-end=\"913\">bar<\/strong> o <strong data-start=\"916\" data-end=\"931\">restaurante<\/strong>. \u00a1Haz que tus momentos de snack sean m\u00e1s sabrosos con las <strong data-start=\"990\" data-end=\"1020\">Patatas Fritas Los Rosales<\/strong>!<\/p>\n","protected":false},"excerpt":{"rendered":"<p>\ud83e\udd54 LOS ROSALES Patatas Fritas \u2013 Caja de 15 Bolsas de 70g | Sin Gluten | Sin Lactosa | Snacks y Aperitivos Las Patatas Fritas Los Rosales son el aperitivo perfecto para cualquier momento del d\u00eda. Elaboradas con ingredientes de alta calidad, estas patatas crujientes se caracterizan por su sabor aut\u00e9ntico y su textura irresistible. [&hellip;]<\/p>\n","protected":false},"featured_media":195,"comment_status":"open","ping_status":"closed","template":"","meta":[],"product_brand":[28],"product_cat":[21],"product_tag":[37],"class_list":{"0":"post-66","1":"product","2":"type-product","3":"status-publish","4":"has-post-thumbnail","6":"product_brand-losrosales","7":"product_cat-aperitivos","8":"product_tag-patatas","10":"first","11":"instock","12":"taxable","13":"shipping-taxable","14":"purchasable","15":"product-type-simple"},"jetpack_sharing_enabled":true,"_links":{"self":[{"href":"https:\/\/www.atakito.com\/index.php\/wp-json\/wp\/v2\/product\/66","targetHints":{"allow":["GET"]}}],"collection":[{"href":"https:\/\/www.atakito.com\/index.php\/wp-json\/wp\/v2\/product"}],"about":[{"href":"https:\/\/www.atakito.com\/index.php\/wp-json\/wp\/v2\/types\/product"}],"replies":[{"embeddable":true,"href":"https:\/\/www.atakito.com\/index.php\/wp-json\/wp\/v2\/comments?post=66"}],"wp:featuredmedia":[{"embeddable":true,"href":"https:\/\/www.atakito.com\/index.php\/wp-json\/wp\/v2\/media\/195"}],"wp:attachment":[{"href":"https:\/\/www.atakito.com\/index.php\/wp-json\/wp\/v2\/media?parent=66"}],"wp:term":[{"taxonomy":"product_brand","embeddable":true,"href":"https:\/\/www.atakito.com\/index.php\/wp-json\/wp\/v2\/product_brand?post=66"},{"taxonomy":"product_cat","embeddable":true,"href":"https:\/\/www.atakito.com\/index.php\/wp-json\/wp\/v2\/product_cat?post=66"},{"taxonomy":"product_tag","embeddable":true,"href":"https:\/\/www.atakito.com\/index.php\/wp-json\/wp\/v2\/product_tag?post=66"}],"curies":[{"name":"wp","href":"https:\/\/api.w.org\/{rel}","templated":true}]}}